{"id":575,"date":"2017-05-18T16:25:07","date_gmt":"2017-05-18T15:25:07","guid":{"rendered":"https:\/\/luisamoron.com\/cursos\/producto\/curso-de-estilismo-fotografia-culinaria-avanzado\/"},"modified":"2020-05-08T17:13:50","modified_gmt":"2020-05-08T16:13:50","slug":"curso-de-estilismo-fotografia-culinaria-avanzado","status":"publish","type":"product","link":"https:\/\/luisamoron.com\/cursos\/producto\/curso-de-estilismo-fotografia-culinaria-avanzado\/","title":{"rendered":"Estilismo y Fotograf\u00eda culinaria &#8211; (Art\u00edstica)"},"content":{"rendered":"<div style=\"text-align: right;\"><\/div>\n<div>\n<p><span><em style=\"color: #ff0000;\"><strong>Nueva Edici\u00f3n : <\/strong><\/em><del><strong><i style=\"color: #ff0000;\">13 de Enero del 2020. PLAZAS AGOTADAS. <\/i><\/strong><\/del><strong><i style=\"color: #ff0000;\">Por motivos de trabajo de momento no\u00a0<\/i><\/strong><strong><span style=\"color: #ff0000;\"><span style=\"caret-color: #ff0000;\"><i>habr\u00e1<\/i><\/span><\/span><i style=\"color: #ff0000;\">\u00a0<\/i><span style=\"color: #ff0000;\"><i style=\"caret-color: #ff0000;\">nuevas fechas, pero puedes acceder a estos\u00a0<\/i><i>otros<\/i><i style=\"caret-color: #ff0000;\">\u00a0talleres. <span style=\"color: #008080;\">Ver <a style=\"color: #008080;\" href=\"https:\/\/luisamoron.com\/cursos\/artistico-avanzado\/producto\/estilismo-y-fotografia-culinaria-ii-sin-valoraciones\/\">aqu\u00ed.\u00a0<\/a><\/span><\/i><\/span><\/strong><\/span><\/p>\n<\/div>\n<p><strong>Duraci\u00f3n:<\/strong> 4 semanas + 3 semanas adicionales.<\/p>\n<div>\n<div><em><strong>Estar\u00e1 dirigido a toda persona apasionada por la fotograf\u00eda gastron\u00f3mica.<\/strong><\/em><\/div>\n<\/div>\n<div><\/div>\n<div>Taller con tutor\u00edas y correcciones. Si quieres hacerlo por tu cuenta, <a href=\"https:\/\/luisamoron.com\/cursos\/producto\/estilismo-y-fotografia-culinaria-ii-sin-valoraciones\/\">aqu\u00ed tienes el mismo taller<\/a>, sin recursos y sin material extra.<\/div>\n<div>\n<div style=\"text-align: justify;\">\n<p><em>Recibir\u00e1s\u00a0una serie de pautas a trav\u00e9s de textos, fotograf\u00edas, ejemplos y por supuesto lo m\u00e1s importante, la pr\u00e1ctica que haremos con ejercicios que os ir\u00e9 mandado cada semana, esta es la parte m\u00e1s importante.\u00a0<\/em><\/p>\n<\/div>\n<\/div>\n<p><strong>En que consiste:<\/strong><\/p>\n<ul>\n<li>Aprenderemos los <em><strong>conceptos b\u00e1sicos m\u00e1s importantes en la fotograf\u00eda gastron\u00f3mica\u00a0<\/strong><\/em>y avanzaremos m\u00e1s profundamente en <em><strong><u>fotograf\u00eda gastron\u00f3mica, estilismo, composici\u00f3n, trabajo en\u00a0equipo,\u00a0evoluci\u00f3n y tendencias, todo a trav\u00e9s de la luz natural. Os\u00a0hablar\u00e9 de mi forma de trabajar.<\/u><\/strong><\/em><\/li>\n<li><em><strong><u>Tambi\u00e9n\u00a0hablaremos: de la fotograf\u00eda gastron\u00f3mica a trav\u00e9s de tu m\u00f3vil.<\/u><\/strong><\/em><\/li>\n<li>Veremos que funci\u00f3n tienen las RRSS hoy en d\u00eda.<\/li>\n<\/ul>\n<p><strong>Enfocado a:<\/strong><\/p>\n<ul>\n<li>Aquellas personas que quieran profundizar en la fotograf\u00eda gastron\u00f3mica, si tienes algunas nociones sobre manejo de t\u00fa c\u00e1mara mucho mejor.<\/li>\n<\/ul>\n<p><strong>Aprenderemos a:<\/strong><\/p>\n<ul>\n<li>A trabajar la luz, composici\u00f3n de elementos, enfoque y perspectiva, trabajaremos diferente \u00e1ngulos, edici\u00f3n, etc.<\/li>\n<li>El color tan importante en nuestra fotograf\u00eda.<\/li>\n<li>Hablaremos de como naci\u00f3 y la historia de la fotograf\u00eda gastron\u00f3mica a lo largo de varias d\u00e9cadas.<\/li>\n<li>Edici\u00f3n de fotografia, (clave alta y dark mood, \u00e9ste \u00faltimo tan de moda)<\/li>\n<\/ul>\n<p><strong>D\u00f3nde:<\/strong><\/p>\n<ul>\n<li>El contenido es 100% online, contaremos con unas lecciones privadas, a las que solo los alumnos y yo tendremos acceso, que actualizar\u00e9 de forma semanal y en las que incluir\u00e9 ejercicios, que har\u00e1n del curso algo din\u00e1mico donde ensayar y pas\u00e1rnoslo bien.<\/li>\n<li>Dispondremos de un foro privado en el que podr\u00e9is preguntar todas vuestras dudas, y donde yo misma las responder\u00e9.<\/li>\n<\/ul>\n<p><strong>Requisitos:<\/strong><\/p>\n<ul>\n<li><em><u>C\u00e1mara r\u00e9flex es la m\u00e1s adecuada, algo de conocimientos b\u00e1sicos, y un programa de\u00a0edici\u00f3n. Yo\u00a0suelo trabajar con Adobe\u00a0<\/u><\/em><i><u>Photoshop, tienes opci\u00f3n de bajarlo de\u00a0prueba.<\/u><\/i><\/li>\n<\/ul>\n<p>&nbsp;<\/p>\n<div>\n<div style=\"text-align: justify;\">\n<p><em><strong>Atenci\u00f3n:<\/strong> el e-mail que uses para pagar con paypal ser\u00e1 el que me aparezca registrado, y el que usar\u00e9 para comunicarme con vosotros. Si quieres modificarlo, por favor escribe para que haga el cambio oportuno.<\/em><\/p>\n<p><em><strong>Pago:<\/strong> el pago te dar\u00e1 lugar a obtener una plaza en dicho taller. Una vez realizado este recibir\u00e1s una notificaci\u00f3n de que esta aceptado. Unos d\u00edas antes de empezar el taller recibir\u00e1s un mail en la misma cuenta que realizaste el pago con la informaci\u00f3n necesaria para poder acceder.<\/em><\/p>\n<\/div>\n<div style=\"text-align: justify;\"><em><strong>El importe del taller no ser\u00e1 reembolsado<\/strong>, si no lo tienes claro ponte en contacto conmigo para resolver tus dudas. Si no puedes realizarlo en la fecha que has contratado podr\u00e1s optar una plaza en el siguiente taller avisando antes de ello v\u00eda mail.<\/em><\/div>\n<p>&nbsp;<\/p>\n<\/div>\n","protected":false},"excerpt":{"rendered":"<p>Nueva Edici\u00f3n : 13 de Enero del 2020. PLAZAS AGOTADAS. Por motivos de trabajo de momento no\u00a0habr\u00e1\u00a0nuevas fechas, pero puedes acceder a estos\u00a0otros\u00a0talleres. Ver aqu\u00ed.\u00a0 Duraci\u00f3n: 4 semanas + 3 semanas adicionales. Estar\u00e1 dirigido a toda persona apasionada por la fotograf\u00eda gastron\u00f3mica. Taller con tutor\u00edas y correcciones. Si quieres hacerlo por tu cuenta, aqu\u00ed tienes [&hellip;]<\/p>\n","protected":false},"featured_media":15718,"comment_status":"closed","ping_status":"closed","template":"","meta":{"_bbp_topic_count":0,"_bbp_reply_count":0,"_bbp_total_topic_count":0,"_bbp_total_reply_count":0,"_bbp_voice_count":0,"_bbp_anonymous_reply_count":0,"_bbp_topic_count_hidden":0,"_bbp_reply_count_hidden":0,"_bbp_forum_subforum_count":0,"_et_pb_use_builder":"","_et_pb_old_content":"","_et_gb_content_width":""},"_links":{"self":[{"href":"https:\/\/luisamoron.com\/cursos\/wp-json\/wp\/v2\/product\/575"}],"collection":[{"href":"https:\/\/luisamoron.com\/cursos\/wp-json\/wp\/v2\/product"}],"about":[{"href":"https:\/\/luisamoron.com\/cursos\/wp-json\/wp\/v2\/types\/product"}],"replies":[{"embeddable":true,"href":"https:\/\/luisamoron.com\/cursos\/wp-json\/wp\/v2\/comments?post=575"}],"wp:featuredmedia":[{"embeddable":true,"href":"https:\/\/luisamoron.com\/cursos\/wp-json\/wp\/v2\/media\/15718"}],"wp:attachment":[{"href":"https:\/\/luisamoron.com\/cursos\/wp-json\/wp\/v2\/media?parent=575"}],"curies":[{"name":"wp","href":"https:\/\/api.w.org\/{rel}","templated":true}]}}

Estilismo y Fotografía culinaria &#8211; (Artística)

<div style="text-align: right;"></div>
<div>
<p><span><em style="color: #ff0000;"><strong>Nueva Edición : </strong></em><del><strong><i style="color: #ff0000;">13 de Enero del 2020. PLAZAS AGOTADAS. </i></strong></del><strong><i style="color: #ff0000;">Por motivos de trabajo de momento no </i></strong><strong><span style="color: #ff0000;"><span style="caret-color: #ff0000;"><i>habrá</i></span></span><i style="color: #ff0000;"> </i><span style="color: #ff0000;"><i style="caret-color: #ff0000;">nuevas fechas, pero puedes acceder a estos </i><i>otros</i><i style="caret-color: #ff0000;"> talleres. <span style="color: #008080;">Ver <a style="color: #008080;" href="https://luisamoron.com/cursos/artistico-avanzado/producto/estilismo-y-fotografia-culinaria-ii-sin-valoraciones/">aquí. </a></span></i></span></strong></span></p>
</div>
<p><strong>Duración:</strong> 4 semanas + 3 semanas adicionales.</p>
<div>
<div><em><strong>Estará dirigido a toda persona apasionada por la fotografía gastronómica.</strong></em></div>
</div>
<div></div>
<div>Taller con tutorías y correcciones. Si quieres hacerlo por tu cuenta, <a href="https://luisamoron.com/cursos/producto/estilismo-y-fotografia-culinaria-ii-sin-valoraciones/">aquí tienes el mismo taller</a>, sin recursos y sin material extra.</div>
<div>
<div style="text-align: justify;">
<p><em>Recibirás una serie de pautas a través de textos, fotografías, ejemplos y por supuesto lo más importante, la práctica que haremos con ejercicios que os iré mandado cada semana, esta es la parte más importante. </em></p>
</div>
</div>
<p><strong>En que consiste:</strong></p>
<ul>
<li>Aprenderemos los <em><strong>conceptos básicos más importantes en la fotografía gastronómica </strong></em>y avanzaremos más profundamente en <em><strong><u>fotografía gastronómica, estilismo, composición, trabajo en equipo, evolución y tendencias, todo a través de la luz natural. Os hablaré de mi forma de trabajar.</u></strong></em></li>
<li><em><strong><u>También hablaremos: de la fotografía gastronómica a través de tu móvil.</u></strong></em></li>
<li>Veremos que función tienen las RRSS hoy en día.</li>
</ul>
<p><strong>Enfocado a:</strong></p>
<ul>
<li>Aquellas personas que quieran profundizar en la fotografía gastronómica, si tienes algunas nociones sobre manejo de tú cámara mucho mejor.</li>
</ul>
<p><strong>Aprenderemos a:</strong></p>
<ul>
<li>A trabajar la luz, composición de elementos, enfoque y perspectiva, trabajaremos diferente ángulos, edición, etc.</li>
<li>El color tan importante en nuestra fotografía.</li>
<li>Hablaremos de como nació y la historia de la fotografía gastronómica a lo largo de varias décadas.</li>
<li>Edición de fotografia, (clave alta y dark mood, éste último tan de moda)</li>
</ul>
<p><strong>Dónde:</strong></p>
<ul>
<li>El contenido es 100% online, contaremos con unas lecciones privadas, a las que solo los alumnos y yo tendremos acceso, que actualizaré de forma semanal y en las que incluiré ejercicios, que harán del curso algo dinámico donde ensayar y pasárnoslo bien.</li>
<li>Dispondremos de un foro privado en el que podréis preguntar todas vuestras dudas, y donde yo misma las responderé.</li>
</ul>
<p><strong>Requisitos:</strong></p>
<ul>
<li><em><u>Cámara réflex es la más adecuada, algo de conocimientos básicos, y un programa de edición. Yo suelo trabajar con Adobe </u></em><i><u>Photoshop, tienes opción de bajarlo de prueba.</u></i></li>
</ul>
<p>&nbsp;</p>
<div>
<div style="text-align: justify;">
<p><em><strong>Atención:</strong> el e-mail que uses para pagar con paypal será el que me aparezca registrado, y el que usaré para comunicarme con vosotros. Si quieres modificarlo, por favor escribe para que haga el cambio oportuno.</em></p>
<p><em><strong>Pago:</strong> el pago te dará lugar a obtener una plaza en dicho taller. Una vez realizado este recibirás una notificación de que esta aceptado. Unos días antes de empezar el taller recibirás un mail en la misma cuenta que realizaste el pago con la información necesaria para poder acceder.</em></p>
</div>
<div style="text-align: justify;"><em><strong>El importe del taller no será reembolsado</strong>, si no lo tienes claro ponte en contacto conmigo para resolver tus dudas. Si no puedes realizarlo en la fecha que has contratado podrás optar una plaza en el siguiente taller avisando antes de ello vía mail.</em></div>
<p>&nbsp;</p>
</div>

<p>Nueva Edición : 13 de Enero del 2020. PLAZAS AGOTADAS. Por motivos de trabajo de momento no habrá nuevas fechas, pero puedes acceder a estos otros talleres. Ver aquí.  Duración: 4 semanas + 3 semanas adicionales. Estará dirigido a toda persona apasionada por la fotografía gastronómica. Taller con tutorías y correcciones. Si quieres hacerlo por tu cuenta, aquí tienes [&hellip;]</p>
