{"id":64,"date":"2014-12-09T21:03:08","date_gmt":"2014-12-09T21:03:08","guid":{"rendered":"https:\/\/luisamoron.com\/cursos\/?page_id=64"},"modified":"2025-05-31T08:23:59","modified_gmt":"2025-05-31T06:23:59","slug":"quien-soy","status":"publish","type":"page","link":"https:\/\/luisamoron.com\/cursos\/quien-soy\/","title":{"rendered":"Qui\u00e9n soy"},"content":{"rendered":"<p>[et_pb_section fb_built=&#8221;1&#8243; admin_label=&#8221;section&#8221; _builder_version=&#8221;4.9.4&#8243;][et_pb_row admin_label=&#8221;row&#8221; _builder_version=&#8221;3.25&#8243; background_size=&#8221;initial&#8221; background_position=&#8221;top_left&#8221; background_repeat=&#8221;repeat&#8221;][et_pb_column type=&#8221;4_4&#8243; _builder_version=&#8221;3.25&#8243; custom_padding=&#8221;|||&#8221; custom_padding__hover=&#8221;|||&#8221;][et_pb_text admin_label=&#8221;Text&#8221; _builder_version=&#8221;4.9.4&#8243; use_border_color=&#8221;off&#8221; border_color=&#8221;#ffffff&#8221; border_style=&#8221;solid&#8221;]<\/p>\n<div>\n<p><img loading=\"lazy\" decoding=\"async\" class=\"size-full wp-image-13154 aligncenter\" src=\"https:\/\/luisamoron.com\/cursos\/wp-content\/uploads\/2018\/04\/Newsletter-1.jpg\" alt=\"\" width=\"700\" height=\"280\" srcset=\"https:\/\/luisamoron.com\/cursos\/wp-content\/uploads\/2018\/04\/Newsletter-1.jpg 700w, https:\/\/luisamoron.com\/cursos\/wp-content\/uploads\/2018\/04\/Newsletter-1-300x120.jpg 300w, https:\/\/luisamoron.com\/cursos\/wp-content\/uploads\/2018\/04\/Newsletter-1-510x204.jpg 510w\" sizes=\"(max-width: 700px) 100vw, 700px\" \/><\/p>\n<\/div>\n<p>&nbsp;<\/p>\n<div>\n<p class=\"tnp tnp-subscription\">Hace 14 a\u00f1os que me dedico a la Fotograf\u00eda y soy muy feliz, pero lo que m\u00e1s me gusta es ver c\u00f3mo otros lo han conseguido gracias al empuje que les he dado. Muchas veces <em><strong>te puedes sentir sin inspiraci\u00f3n, frustrado, etc..<\/strong><\/em> Pero en realidad, el motivo es que no tienes con todo lujo de detalle lo que necesitas para avanzar, en mis talleres es todo transparente, te cuento lo que necesitas para triunfar.<\/p>\n<p class=\"tnp tnp-subscription\"><em><strong>Taller de Fotograf\u00eda Gastron\u00f3mica,<\/strong><\/em> para llevar tus fotos de alimentos a otro nivel. Te ayudo con mi experiencia, te cuento mi manera de trabajar\u00a0y todo lo que necesitas para realizar este tipo de fotograf\u00edas. <em><strong>Composici\u00f3n y manejar tu c\u00e1mara<\/strong><\/em> para que puedas conseguirlo. Todo tiene un porqu\u00e9, y te lo explico sin esconder nada.<\/p>\n<h2 class=\"tnp tnp-subscription\">No pierdas el tiempo, te ayudo. Ya seas un profesional o si acabas de empezar seguro que encuentras alg\u00fan taller a tu medida. El secreto esta en Invertir en uno mismo.<\/h2>\n<p>A parte de los talleres online, desde hace 13 a\u00f1os <em><strong>imparto Talleres presenciales, One to One, Conferencias, Formaci\u00f3n en Escuelas, etc<\/strong><\/em>&#8230;, por toda Espa\u00f1a. Son talleres pr\u00e1cticos, y considero que el grado de satisfacci\u00f3n es alto.<\/p>\n<p>Se desarrolla una serie de puntos (imprescindibles en fotograf\u00eda) de manera intensa pero a la vez muy amena. La interactuaci\u00f3n de los alumnos ofrece unos resultados estupendos. (Tienes m\u00e1s informaci\u00f3n en la barra de navegaci\u00f3n).<\/p>\n<p>&nbsp;<\/p>\n<ul>\n<li>Puedes acceder a mi Tienda de Talleres aqu\u00ed, tambi\u00e9n puedes optar por la Asesor\u00eda Online o Taller Premiun.<\/li>\n<\/ul>\n<p>&nbsp;<\/p>\n<ul>\n<li>Otra faceta en fotograf\u00eda es mi debilidad por los reci\u00e9n nacidos (beb\u00e9s, familias\u2026). Este trabajo pod\u00e9is verlo en <a rel=\"noopener noreferrer\" href=\"https:\/\/www.luisamoron.com\" target=\"_blank\">www.luisamoron.com<\/a>\u00a0aunque por motivos de agenda y volumen de trabajo, he tenido que dejar aparcada esta faceta y solo hago sesiones de familias y puntualmente.\u00a0<a rel=\"noopener noreferrer\" href=\"https:\/\/www.luisamoron.com\" target=\"_blank\"><\/a><\/li>\n<\/ul>\n<\/div>\n<p>[\/et_pb_text][\/et_pb_column][\/et_pb_row][\/et_pb_section]<\/p>\n","protected":false},"excerpt":{"rendered":"<p>[et_pb_section fb_built=&#8221;1&#8243; admin_label=&#8221;section&#8221; _builder_version=&#8221;4.9.4&#8243;][et_pb_row admin_label=&#8221;row&#8221; _builder_version=&#8221;3.25&#8243; background_size=&#8221;initial&#8221; background_position=&#8221;top_left&#8221; background_repeat=&#8221;repeat&#8221;][et_pb_column type=&#8221;4_4&#8243; _builder_version=&#8221;3.25&#8243; custom_padding=&#8221;|||&#8221; custom_padding__hover=&#8221;|||&#8221;][et_pb_text admin_label=&#8221;Text&#8221; _builder_version=&#8221;4.9.4&#8243; use_border_color=&#8221;off&#8221; border_color=&#8221;#ffffff&#8221; border_style=&#8221;solid&#8221;] &nbsp; Hace 14 a\u00f1os que me dedico a la Fotograf\u00eda y soy muy feliz, pero lo que m\u00e1s me gusta es ver c\u00f3mo otros lo han conseguido gracias al empuje que les he dado. Muchas veces te [&hellip;]<\/p>\n","protected":false},"author":28,"featured_media":0,"parent":0,"menu_order":0,"comment_status":"open","ping_status":"open","template":"","meta":{"_bbp_topic_count":0,"_bbp_reply_count":0,"_bbp_total_topic_count":0,"_bbp_total_reply_count":0,"_bbp_voice_count":0,"_bbp_anonymous_reply_count":0,"_bbp_topic_count_hidden":0,"_bbp_reply_count_hidden":0,"_bbp_forum_subforum_count":0,"_et_pb_use_builder":"on","_et_pb_old_content":"","_et_gb_content_width":"","footnotes":""},"_links":{"self":[{"href":"https:\/\/luisamoron.com\/cursos\/wp-json\/wp\/v2\/pages\/64"}],"collection":[{"href":"https:\/\/luisamoron.com\/cursos\/wp-json\/wp\/v2\/pages"}],"about":[{"href":"https:\/\/luisamoron.com\/cursos\/wp-json\/wp\/v2\/types\/page"}],"author":[{"embeddable":true,"href":"https:\/\/luisamoron.com\/cursos\/wp-json\/wp\/v2\/users\/28"}],"replies":[{"embeddable":true,"href":"https:\/\/luisamoron.com\/cursos\/wp-json\/wp\/v2\/comments?post=64"}],"version-history":[{"count":32,"href":"https:\/\/luisamoron.com\/cursos\/wp-json\/wp\/v2\/pages\/64\/revisions"}],"predecessor-version":[{"id":23282,"href":"https:\/\/luisamoron.com\/cursos\/wp-json\/wp\/v2\/pages\/64\/revisions\/23282"}],"wp:attachment":[{"href":"https:\/\/luisamoron.com\/cursos\/wp-json\/wp\/v2\/media?parent=64"}],"curies":[{"name":"wp","href":"https:\/\/api.w.org\/{rel}","templated":true}]}}