{"id":61,"date":"2014-12-09T20:58:38","date_gmt":"2014-12-09T20:58:38","guid":{"rendered":"https:\/\/luisamoron.com\/cursos\/?page_id=61"},"modified":"2019-07-12T01:49:52","modified_gmt":"2019-07-12T00:49:52","slug":"cursos","status":"publish","type":"page","link":"https:\/\/luisamoron.com\/cursos\/cursos\/","title":{"rendered":"Cursos"},"content":{"rendered":"<p>[et_pb_section bb_built=&#8221;1&#8243; admin_label=&#8221;Secci\u00f3n&#8221; fullwidth=&#8221;on&#8221;][et_pb_fullwidth_image admin_label=&#8221;Imagen de anchura completa&#8221; src=&#8221;https:\/\/luisamoron.com\/cursos\/wp-content\/uploads\/2019\/06\/Taller-Fotograf\u00eda-Gastron\u00f3mica-Luisa-Mor\u00f3n.jpg&#8221; alt=&#8221;Ayudando a crear im\u00e1genes, pasando a otro nivel gracias a unas imagenes cuidadas y estudiadas. &#8221; \/][\/et_pb_section][et_pb_section bb_built=&#8221;1&#8243; admin_label=&#8221;Secci\u00f3n&#8221;][et_pb_row admin_label=&#8221;Fila&#8221;][et_pb_column type=&#8221;1_2&#8243;][et_pb_image admin_label=&#8221;Imagen&#8221; src=&#8221;https:\/\/luisamoron.com\/cursos\/wp-content\/uploads\/2019\/04\/Luisa-Mor\u00f3n-fotografia-Remolacha-8630.jpg&#8221; \/][\/et_pb_column][et_pb_column type=&#8221;1_2&#8243;][et_pb_text admin_label=&#8221;Texto&#8221;]<\/p>\n<h1 style=\"text-align: left;\">Ayudando a crear im\u00e1genes para que pasen a otro nivel !!<\/h1>\n<h1 style=\"text-align: left;\"><\/h1>\n<p>[\/et_pb_text][et_pb_text admin_label=&#8221;Texto&#8221;]<\/p>\n<p>Te ayudo con diferentes Talleres, elige el que m\u00e1s se acerque a lo que buscas.<\/p>\n<p>Si te gusta la <em><strong>Fotograf\u00eda Gastron\u00f3mica<\/strong><\/em>, puedes ver los diferentes talleres para que tus im\u00e1genes luzcan lo mejor posible, puedes empezar por el <em><strong>Taller T\u00e9cnico<\/strong><\/em> o ir directamente al Taller donde solo veremos <em><strong>Composici\u00f3n y Estilismo.<\/strong><\/em><\/p>\n<p>[\/et_pb_text][et_pb_text admin_label=&#8221;Texto&#8221;]<\/p>\n<h1 style=\"text-align: left;\">Quiz\u00e1s quieras una Asesor\u00eda conmigo o Formaci\u00f3n Personalizada \u00a0!!<\/h1>\n<h1 style=\"text-align: left;\"><\/h1>\n<p>[\/et_pb_text][et_pb_text admin_label=&#8221;Texto&#8221;]<\/p>\n<p>Sino tienes\u00a0tiempo para la formaci\u00f3n o estas perdid@, no te preocupes te ayudo<strong style=\"font-style: italic;\">.<\/strong><\/p>\n<p>[\/et_pb_text][et_pb_cta admin_label=&#8221;Llamada a la acci\u00f3n&#8221; button_url=&#8221;https:\/\/luisamoron.com\/cursos\/asesoria-fotografica\/&#8221; url_new_window=&#8221;on&#8221; button_text=&#8221;Asesor\u00eda &#8221; background_layout=&#8221;light&#8221; use_background_color=&#8221;off&#8221; title=&#8221;Asesor\u00eda &#8221; header_font_size=&#8221;16px&#8221; body_font_size=&#8221;6px&#8221; header_letter_spacing=&#8221;2px&#8221; \/][et_pb_button admin_label=&#8221;Bot\u00f3n&#8221; background_color=&#8221;#ffcc00&#8243; \/][\/et_pb_column][\/et_pb_row][\/et_pb_section][et_pb_section bb_built=&#8221;1&#8243; admin_label=&#8221;section&#8221;][et_pb_row admin_label=&#8221;row&#8221;][et_pb_column type=&#8221;4_4&#8243;][et_pb_divider admin_label=&#8221;Separador&#8221; color=&#8221;#fcd3cc&#8221; show_divider=&#8221;on&#8221; divider_style=&#8221;solid&#8221; divider_position=&#8221;top&#8221; divider_weight=&#8221;3&#8243; hide_on_mobile=&#8221;on&#8221; \/][\/et_pb_column][\/et_pb_row][\/et_pb_section][et_pb_section bb_built=&#8221;1&#8243; admin_label=&#8221;Secci\u00f3n&#8221;][et_pb_row admin_label=&#8221;Fila&#8221;][et_pb_column type=&#8221;1_3&#8243;][et_pb_image admin_label=&#8221;Imagen&#8221; src=&#8221;https:\/\/luisamoron.com\/cursos\/wp-content\/uploads\/2014\/12\/Luisa-Mor\u00f3n-Taller-fotografia-gastron\u00f3mica.jpg&#8221; url=&#8221;https:\/\/luisamoron.com\/cursos\/curso\/dominando-tu-camara-fotografia-gastronomica\/&#8221; url_new_window=&#8221;on&#8221; \/][\/et_pb_column][et_pb_column type=&#8221;1_3&#8243;][et_pb_image admin_label=&#8221;Imagen&#8221; src=&#8221;https:\/\/luisamoron.com\/cursos\/wp-content\/uploads\/2014\/12\/Taller-Fotograf\u00eda-Luisa-Mor\u00f3n-.jpg&#8221; url=&#8221;https:\/\/luisamoron.com\/cursos\/producto\/curso-de-estilismo-fotografia-culinaria-avanzado\/&#8221; \/][\/et_pb_column][et_pb_column type=&#8221;1_3&#8243;][et_pb_image admin_label=&#8221;Imagen&#8221; src=&#8221;https:\/\/luisamoron.com\/cursos\/wp-content\/uploads\/2014\/12\/Luisa-Mor\u00f3n-Taller-fotografia-gastron\u00f3mica.jpg&#8221; url=&#8221;https:\/\/luisamoron.com\/cursos\/curso\/fotografia-basica\/&#8221; \/][\/et_pb_column][\/et_pb_row][et_pb_row admin_label=&#8221;Fila&#8221;][et_pb_column type=&#8221;1_4&#8243;][\/et_pb_column][et_pb_column type=&#8221;1_2&#8243;][et_pb_cta admin_label=&#8221;Llamada a la acci\u00f3n&#8221; button_url=&#8221;https:\/\/luisamoron.com\/cursos\/tienda-online-cursos-luisa-moron\/&#8221; url_new_window=&#8221;on&#8221; use_background_color=&#8221;off&#8221; background_layout=&#8221;light&#8221; header_font_size=&#8221;16px&#8221; button_text=&#8221;Acceder a Talleres &#8221; \/][\/et_pb_column][et_pb_column type=&#8221;1_4&#8243;][\/et_pb_column][\/et_pb_row][\/et_pb_section]<\/p>\n","protected":false},"excerpt":{"rendered":"<p>[et_pb_section bb_built=&#8221;1&#8243; admin_label=&#8221;Secci\u00f3n&#8221; fullwidth=&#8221;on&#8221;][et_pb_fullwidth_image admin_label=&#8221;Imagen de anchura completa&#8221; src=&#8221;https:\/\/luisamoron.com\/cursos\/wp-content\/uploads\/2019\/06\/Taller-Fotograf\u00eda-Gastron\u00f3mica-Luisa-Mor\u00f3n.jpg&#8221; alt=&#8221;Ayudando a crear im\u00e1genes, pasando a otro nivel gracias a unas imagenes cuidadas y estudiadas. &#8221; \/][\/et_pb_section][et_pb_section bb_built=&#8221;1&#8243; admin_label=&#8221;Secci\u00f3n&#8221;][et_pb_row admin_label=&#8221;Fila&#8221;][et_pb_column type=&#8221;1_2&#8243;][et_pb_image admin_label=&#8221;Imagen&#8221; src=&#8221;https:\/\/luisamoron.com\/cursos\/wp-content\/uploads\/2019\/04\/Luisa-Mor\u00f3n-fotografia-Remolacha-8630.jpg&#8221; \/][\/et_pb_column][et_pb_column type=&#8221;1_2&#8243;][et_pb_text admin_label=&#8221;Texto&#8221;] Ayudando a crear im\u00e1genes para que pasen a otro nivel !! [\/et_pb_text][et_pb_text admin_label=&#8221;Texto&#8221;] Te ayudo con diferentes Talleres, elige el [&hellip;]<\/p>\n","protected":false},"author":28,"featured_media":0,"parent":0,"menu_order":0,"comment_status":"open","ping_status":"open","template":"","meta":{"_bbp_topic_count":0,"_bbp_reply_count":0,"_bbp_total_topic_count":0,"_bbp_total_reply_count":0,"_bbp_voice_count":0,"_bbp_anonymous_reply_count":0,"_bbp_topic_count_hidden":0,"_bbp_reply_count_hidden":0,"_bbp_forum_subforum_count":0,"_et_pb_use_builder":"on","_et_pb_old_content":"","_et_gb_content_width":"","footnotes":""},"_links":{"self":[{"href":"https:\/\/luisamoron.com\/cursos\/wp-json\/wp\/v2\/pages\/61"}],"collection":[{"href":"https:\/\/luisamoron.com\/cursos\/wp-json\/wp\/v2\/pages"}],"about":[{"href":"https:\/\/luisamoron.com\/cursos\/wp-json\/wp\/v2\/types\/page"}],"author":[{"embeddable":true,"href":"https:\/\/luisamoron.com\/cursos\/wp-json\/wp\/v2\/users\/28"}],"replies":[{"embeddable":true,"href":"https:\/\/luisamoron.com\/cursos\/wp-json\/wp\/v2\/comments?post=61"}],"version-history":[{"count":99,"href":"https:\/\/luisamoron.com\/cursos\/wp-json\/wp\/v2\/pages\/61\/revisions"}],"predecessor-version":[{"id":16008,"href":"https:\/\/luisamoron.com\/cursos\/wp-json\/wp\/v2\/pages\/61\/revisions\/16008"}],"wp:attachment":[{"href":"https:\/\/luisamoron.com\/cursos\/wp-json\/wp\/v2\/media?parent=61"}],"curies":[{"name":"wp","href":"https:\/\/api.w.org\/{rel}","templated":true}]}}