{"id":13002,"date":"2018-03-22T16:25:17","date_gmt":"2018-03-22T15:25:17","guid":{"rendered":"https:\/\/luisamoron.com\/cursos\/?page_id=13002"},"modified":"2022-07-12T18:10:49","modified_gmt":"2022-07-12T16:10:49","slug":"tienda-online-cursos-luisa-moron","status":"publish","type":"page","link":"https:\/\/luisamoron.com\/cursos\/tienda-online-cursos-luisa-moron\/","title":{"rendered":"Tienda Online Cursos Luisa Moron"},"content":{"rendered":"<p>[et_pb_section fb_built=&#8221;1&#8243; admin_label=&#8221;section&#8221; _builder_version=&#8221;3.22&#8243;][et_pb_row admin_label=&#8221;row&#8221; _builder_version=&#8221;3.25&#8243; background_size=&#8221;initial&#8221; background_position=&#8221;top_left&#8221; background_repeat=&#8221;repeat&#8221;][et_pb_column type=&#8221;4_4&#8243; _builder_version=&#8221;3.25&#8243; custom_padding=&#8221;|||&#8221; custom_padding__hover=&#8221;|||&#8221;][et_pb_text admin_label=&#8221;Texto&#8221; _builder_version=&#8221;3.27.4&#8243; background_size=&#8221;initial&#8221; background_position=&#8221;top_left&#8221; background_repeat=&#8221;repeat&#8221; use_border_color=&#8221;off&#8221; border_color=&#8221;#ffffff&#8221; border_style=&#8221;solid&#8221;]<\/p>\n<h1 style=\"text-align: center;\">Talleres de Acceso Inmediato y permanentes<\/h1>\n<p>[\/et_pb_text][\/et_pb_column][\/et_pb_row][et_pb_row column_structure=&#8221;1_3,1_3,1_3&#8243; admin_label=&#8221;row&#8221; _builder_version=&#8221;3.25&#8243; background_size=&#8221;initial&#8221; background_position=&#8221;top_left&#8221; background_repeat=&#8221;repeat&#8221;][et_pb_column type=&#8221;1_3&#8243; _builder_version=&#8221;3.25&#8243; custom_padding=&#8221;|||&#8221; custom_padding__hover=&#8221;|||&#8221;][et_pb_text admin_label=&#8221;Texto&#8221; _builder_version=&#8221;3.27.4&#8243; background_size=&#8221;initial&#8221; background_position=&#8221;top_left&#8221; background_repeat=&#8221;repeat&#8221; use_border_color=&#8221;off&#8221; border_color=&#8221;#ffffff&#8221; border_style=&#8221;solid&#8221;]<img loading=\"lazy\" decoding=\"async\" class=\"size-medium wp-image-15718 aligncenter\" src=\"https:\/\/luisamoron.com\/cursos\/wp-content\/uploads\/2014\/12\/Luisa-Mor\u00f3n-Taller-fotografia-gastron\u00f3mica-286x300.jpg\" alt=\"\" width=\"286\" height=\"300\" srcset=\"https:\/\/luisamoron.com\/cursos\/wp-content\/uploads\/2014\/12\/Luisa-Mor\u00f3n-Taller-fotografia-gastron\u00f3mica-286x300.jpg 286w, https:\/\/luisamoron.com\/cursos\/wp-content\/uploads\/2014\/12\/Luisa-Mor\u00f3n-Taller-fotografia-gastron\u00f3mica-510x535.jpg 510w, https:\/\/luisamoron.com\/cursos\/wp-content\/uploads\/2014\/12\/Luisa-Mor\u00f3n-Taller-fotografia-gastron\u00f3mica.jpg 645w\" sizes=\"(max-width: 286px) 100vw, 286px\" \/><br \/>\n[\/et_pb_text][et_pb_button button_url=&#8221;https:\/\/luisamoron.com\/cursos\/artistico-avanzado\/producto\/estilismo-y-fotografia-culinaria-ii-sin-valoraciones\/&#8221; button_text=&#8221;Estilismo y Fotograf\u00eda culinaria&#8221; button_alignment=&#8221;center&#8221; admin_label=&#8221;Bot\u00f3n&#8221; _builder_version=&#8221;3.16&#8243; custom_button=&#8221;on&#8221; button_text_color=&#8221;#000000&#8243; button_letter_spacing_hover=&#8221;0&#8243; button_text_size__hover_enabled=&#8221;off&#8221; button_one_text_size__hover_enabled=&#8221;off&#8221; button_two_text_size__hover_enabled=&#8221;off&#8221; button_text_color__hover_enabled=&#8221;off&#8221; button_one_text_color__hover_enabled=&#8221;off&#8221; button_two_text_color__hover_enabled=&#8221;off&#8221; button_border_width__hover_enabled=&#8221;off&#8221; button_one_border_width__hover_enabled=&#8221;off&#8221; button_two_border_width__hover_enabled=&#8221;off&#8221; button_border_color__hover_enabled=&#8221;off&#8221; button_one_border_color__hover_enabled=&#8221;off&#8221; button_two_border_color__hover_enabled=&#8221;off&#8221; button_border_radius__hover_enabled=&#8221;off&#8221; button_one_border_radius__hover_enabled=&#8221;off&#8221; button_two_border_radius__hover_enabled=&#8221;off&#8221; button_letter_spacing__hover_enabled=&#8221;on&#8221; button_letter_spacing__hover=&#8221;0&#8243; button_one_letter_spacing__hover_enabled=&#8221;off&#8221; button_two_letter_spacing__hover_enabled=&#8221;off&#8221; button_bg_color__hover_enabled=&#8221;off&#8221; button_one_bg_color__hover_enabled=&#8221;off&#8221; button_two_bg_color__hover_enabled=&#8221;off&#8221;][\/et_pb_button][\/et_pb_column][et_pb_column type=&#8221;1_3&#8243; _builder_version=&#8221;3.25&#8243; custom_padding=&#8221;|||&#8221; custom_padding__hover=&#8221;|||&#8221;][et_pb_text admin_label=&#8221;Texto&#8221; _builder_version=&#8221;3.27.4&#8243; background_size=&#8221;initial&#8221; background_position=&#8221;top_left&#8221; background_repeat=&#8221;repeat&#8221; use_border_color=&#8221;off&#8221; border_color=&#8221;#ffffff&#8221; border_style=&#8221;solid&#8221;]<img loading=\"lazy\" decoding=\"async\" class=\"aligncenter size-medium wp-image-15718\" src=\"https:\/\/luisamoron.com\/cursos\/wp-content\/uploads\/2014\/12\/Luisa-Mor\u00f3n-Taller-fotografia-gastron\u00f3mica-286x300.jpg\" alt=\"\" width=\"286\" height=\"300\" srcset=\"https:\/\/luisamoron.com\/cursos\/wp-content\/uploads\/2014\/12\/Luisa-Mor\u00f3n-Taller-fotografia-gastron\u00f3mica-286x300.jpg 286w, https:\/\/luisamoron.com\/cursos\/wp-content\/uploads\/2014\/12\/Luisa-Mor\u00f3n-Taller-fotografia-gastron\u00f3mica-510x535.jpg 510w, https:\/\/luisamoron.com\/cursos\/wp-content\/uploads\/2014\/12\/Luisa-Mor\u00f3n-Taller-fotografia-gastron\u00f3mica.jpg 645w\" sizes=\"(max-width: 286px) 100vw, 286px\" \/><br \/>\n[\/et_pb_text][et_pb_button button_url=&#8221;https:\/\/luisamoron.com\/cursos\/still-life\/producto\/fotografia-gastronomica-y-still-life-sin-foro-ni-valoraciones\/&#8221; button_text=&#8221;Fotografia gastron\u00f3mica y Productos &#8221; button_alignment=&#8221;center&#8221; admin_label=&#8221;Bot\u00f3n&#8221; _builder_version=&#8221;3.16&#8243; custom_button=&#8221;on&#8221; button_text_color=&#8221;#000000&#8243; button_letter_spacing_hover=&#8221;0&#8243; button_text_size__hover_enabled=&#8221;off&#8221; button_one_text_size__hover_enabled=&#8221;off&#8221; button_two_text_size__hover_enabled=&#8221;off&#8221; button_text_color__hover_enabled=&#8221;off&#8221; button_one_text_color__hover_enabled=&#8221;off&#8221; button_two_text_color__hover_enabled=&#8221;off&#8221; button_border_width__hover_enabled=&#8221;off&#8221; button_one_border_width__hover_enabled=&#8221;off&#8221; button_two_border_width__hover_enabled=&#8221;off&#8221; button_border_color__hover_enabled=&#8221;off&#8221; button_one_border_color__hover_enabled=&#8221;off&#8221; button_two_border_color__hover_enabled=&#8221;off&#8221; button_border_radius__hover_enabled=&#8221;off&#8221; button_one_border_radius__hover_enabled=&#8221;off&#8221; button_two_border_radius__hover_enabled=&#8221;off&#8221; button_letter_spacing__hover_enabled=&#8221;on&#8221; button_letter_spacing__hover=&#8221;0&#8243; button_one_letter_spacing__hover_enabled=&#8221;off&#8221; button_two_letter_spacing__hover_enabled=&#8221;off&#8221; button_bg_color__hover_enabled=&#8221;off&#8221; button_one_bg_color__hover_enabled=&#8221;off&#8221; button_two_bg_color__hover_enabled=&#8221;off&#8221;][\/et_pb_button][\/et_pb_column][et_pb_column type=&#8221;1_3&#8243; _builder_version=&#8221;3.25&#8243; custom_padding=&#8221;|||&#8221; custom_padding__hover=&#8221;|||&#8221;][et_pb_text admin_label=&#8221;Texto&#8221; _builder_version=&#8221;4.9.4&#8243; background_size=&#8221;initial&#8221; background_position=&#8221;top_left&#8221; background_repeat=&#8221;repeat&#8221; use_border_color=&#8221;off&#8221; border_color=&#8221;#ffffff&#8221; border_style=&#8221;solid&#8221;]<\/p>\n<p><img loading=\"lazy\" decoding=\"async\" class=\"aligncenter size-medium wp-image-17735\" src=\"https:\/\/luisamoron.com\/cursos\/wp-content\/uploads\/2022\/07\/Copia-de-Ebook-Bizcochos-212x300.jpg\" alt=\"\" width=\"212\" height=\"300\" \/><\/p>\n<p>[\/et_pb_text][et_pb_button button_text=&#8221;Ebook Los 5 mejores Bizcochos &#8221; button_alignment=&#8221;center&#8221; admin_label=&#8221;Bot\u00f3n&#8221; _builder_version=&#8221;4.9.4&#8243; custom_button=&#8221;on&#8221; button_text_color=&#8221;#000000&#8243; hover_enabled=&#8221;0&#8243; button_letter_spacing_hover=&#8221;0&#8243; button_text_size__hover_enabled=&#8221;off&#8221; button_one_text_size__hover_enabled=&#8221;off&#8221; button_two_text_size__hover_enabled=&#8221;off&#8221; button_text_color__hover_enabled=&#8221;off&#8221; button_one_text_color__hover_enabled=&#8221;off&#8221; button_two_text_color__hover_enabled=&#8221;off&#8221; button_border_width__hover_enabled=&#8221;off&#8221; button_one_border_width__hover_enabled=&#8221;off&#8221; button_two_border_width__hover_enabled=&#8221;off&#8221; button_border_color__hover_enabled=&#8221;off&#8221; button_one_border_color__hover_enabled=&#8221;off&#8221; button_two_border_color__hover_enabled=&#8221;off&#8221; button_border_radius__hover_enabled=&#8221;off&#8221; button_one_border_radius__hover_enabled=&#8221;off&#8221; button_two_border_radius__hover_enabled=&#8221;off&#8221; button_letter_spacing__hover_enabled=&#8221;on&#8221; button_letter_spacing__hover=&#8221;0&#8243; button_one_letter_spacing__hover_enabled=&#8221;off&#8221; button_two_letter_spacing__hover_enabled=&#8221;off&#8221; button_bg_color__hover_enabled=&#8221;off&#8221; button_one_bg_color__hover_enabled=&#8221;off&#8221; button_two_bg_color__hover_enabled=&#8221;off&#8221; button_url=&#8221;https:\/\/luisamoron.com\/cursos\/producto\/ebook-los-5-mejores-bizcochos\/&#8221; sticky_enabled=&#8221;0&#8243;][\/et_pb_button][\/et_pb_column][\/et_pb_row][et_pb_row admin_label=&#8221;row&#8221; _builder_version=&#8221;3.25&#8243; background_size=&#8221;initial&#8221; background_position=&#8221;top_left&#8221; background_repeat=&#8221;repeat&#8221;][et_pb_column type=&#8221;4_4&#8243; _builder_version=&#8221;3.25&#8243; custom_padding=&#8221;|||&#8221; custom_padding__hover=&#8221;|||&#8221;][et_pb_text admin_label=&#8221;Texto&#8221; _builder_version=&#8221;3.27.4&#8243; background_size=&#8221;initial&#8221; background_position=&#8221;top_left&#8221; background_repeat=&#8221;repeat&#8221; use_border_color=&#8221;off&#8221; border_color=&#8221;#ffffff&#8221; border_style=&#8221;solid&#8221;]<\/p>\n<h1 style=\"text-align: center;\">Talleres de Acceso Inmediato y Permanentes<\/h1>\n<p>[\/et_pb_text][et_pb_text admin_label=&#8221;Texto&#8221; _builder_version=&#8221;3.27.4&#8243; background_size=&#8221;initial&#8221; background_position=&#8221;top_left&#8221; background_repeat=&#8221;repeat&#8221; use_border_color=&#8221;off&#8221; border_color=&#8221;#ffffff&#8221; border_style=&#8221;solid&#8221;] <div class=\"learnpress\">\r\n\r\n<ul class=\"learn-press-courses\">\r\n\r\n<li id=\"post-15920\" class=\"post-15920 lp_course type-lp_course status-publish has-post-thumbnail hentry course_tag-fotografia-basica course\">\r\n\r\n\t\r\n    <a href=\"https:\/\/luisamoron.com\/cursos\/curso\/dominando-tu-camara-fotografia-gastronomica\/\" class=\"course-permalink\">\r\n\r\n\t\t\r\n<div class=\"course-thumbnail\">\r\n\r\n\t<img loading=\"lazy\" decoding=\"async\" width=\"400\" height=\"250\" src=\"https:\/\/luisamoron.com\/cursos\/wp-content\/uploads\/2019\/06\/Fotograf\u00eda-gastron\u00f3mica-Luisa-Mor\u00f3n-w-400x250.jpg\" class=\"attachment-course_thumbnail size-course_thumbnail wp-post-image\" alt=\"Por donde empezar &#8211; Fotograf\u00eda Gastron\u00f3mica\" \/>\r\n<\/div>\r\n\r\n<h3 class=\"course-title\">Por donde empezar &#8211; Fotograf\u00eda Gastron\u00f3mica<\/h3>\r\n    <\/a>\r\n\r\n\t\r\n<div class=\"course-info\">\r\n\r\n<div class=\"course-price\">\r\n\r\n\t\r\n\t\t\r\n        <span class=\"price\">110,00&euro;<\/span>\r\n\r\n\t\r\n<\/div>\r\n\r\n<span class=\"course-instructor\">\r\n\t<a href=\"https:\/\/luisamoron.com\/cursos\/perfil-de-estudiante\/Luisa+cursos\/\">Luisa cursos<\/a><\/span>\r\n\r\n<\/div>\r\n<\/li>\r\n<li id=\"post-15180\" class=\"post-15180 lp_course type-lp_course status-publish has-post-thumbnail hentry course_tag-fotografia-basica course\">\r\n\r\n\t\r\n    <a href=\"https:\/\/luisamoron.com\/cursos\/curso\/fotografia-basica\/\" class=\"course-permalink\">\r\n\r\n\t\t\r\n<div class=\"course-thumbnail\">\r\n\r\n\t<img loading=\"lazy\" decoding=\"async\" width=\"400\" height=\"250\" src=\"https:\/\/luisamoron.com\/cursos\/wp-content\/uploads\/2019\/01\/Luisa-Mor\u00f3n-Fotografia-Brihuela-campos-de-lavanda-5503-1-400x250.jpg\" class=\"attachment-course_thumbnail size-course_thumbnail wp-post-image\" alt=\"Fotograf\u00eda B\u00e1sica\" \/>\r\n<\/div>\r\n\r\n<h3 class=\"course-title\">Fotograf\u00eda B\u00e1sica<\/h3>\r\n    <\/a>\r\n\r\n\t\r\n<div class=\"course-info\">\r\n\r\n<div class=\"course-price\">\r\n\r\n\t\r\n\t\t\r\n        <span class=\"price\">39,00&euro;<\/span>\r\n\r\n\t\r\n<\/div>\r\n\r\n<span class=\"course-instructor\">\r\n\t<a href=\"https:\/\/luisamoron.com\/cursos\/perfil-de-estudiante\/Luisa+cursos\/\">Luisa cursos<\/a><\/span>\r\n\r\n<\/div>\r\n<\/li>\r\n<\/ul><\/div> [\/et_pb_text][\/et_pb_column][\/et_pb_row][\/et_pb_section]<\/p>\n","protected":false},"excerpt":{"rendered":"<p>[et_pb_section fb_built=&#8221;1&#8243; admin_label=&#8221;section&#8221; _builder_version=&#8221;3.22&#8243;][et_pb_row admin_label=&#8221;row&#8221; _builder_version=&#8221;3.25&#8243; background_size=&#8221;initial&#8221; background_position=&#8221;top_left&#8221; background_repeat=&#8221;repeat&#8221;][et_pb_column type=&#8221;4_4&#8243; _builder_version=&#8221;3.25&#8243; custom_padding=&#8221;|||&#8221; custom_padding__hover=&#8221;|||&#8221;][et_pb_text admin_label=&#8221;Texto&#8221; _builder_version=&#8221;3.27.4&#8243; background_size=&#8221;initial&#8221; background_position=&#8221;top_left&#8221; background_repeat=&#8221;repeat&#8221; use_border_color=&#8221;off&#8221; border_color=&#8221;#ffffff&#8221; border_style=&#8221;solid&#8221;] Talleres de Acceso Inmediato y permanentes [\/et_pb_text][\/et_pb_column][\/et_pb_row][et_pb_row column_structure=&#8221;1_3,1_3,1_3&#8243; admin_label=&#8221;row&#8221; _builder_version=&#8221;3.25&#8243; background_size=&#8221;initial&#8221; background_position=&#8221;top_left&#8221; background_repeat=&#8221;repeat&#8221;][et_pb_column type=&#8221;1_3&#8243; _builder_version=&#8221;3.25&#8243; custom_padding=&#8221;|||&#8221; custom_padding__hover=&#8221;|||&#8221;][et_pb_text admin_label=&#8221;Texto&#8221; _builder_version=&#8221;3.27.4&#8243; background_size=&#8221;initial&#8221; background_position=&#8221;top_left&#8221; background_repeat=&#8221;repeat&#8221; use_border_color=&#8221;off&#8221; border_color=&#8221;#ffffff&#8221; border_style=&#8221;solid&#8221;] [\/et_pb_text][et_pb_button button_url=&#8221;https:\/\/luisamoron.com\/cursos\/artistico-avanzado\/producto\/estilismo-y-fotografia-culinaria-ii-sin-valoraciones\/&#8221; button_text=&#8221;Estilismo y Fotograf\u00eda culinaria&#8221; button_alignment=&#8221;center&#8221; admin_label=&#8221;Bot\u00f3n&#8221; _builder_version=&#8221;3.16&#8243; [&hellip;]<\/p>\n","protected":false},"author":28,"featured_media":0,"parent":0,"menu_order":0,"comment_status":"closed","ping_status":"closed","template":"","meta":{"_bbp_topic_count":0,"_bbp_reply_count":0,"_bbp_total_topic_count":0,"_bbp_total_reply_count":0,"_bbp_voice_count":0,"_bbp_anonymous_reply_count":0,"_bbp_topic_count_hidden":0,"_bbp_reply_count_hidden":0,"_bbp_forum_subforum_count":0,"_et_pb_use_builder":"on","_et_pb_old_content":"","_et_gb_content_width":"","footnotes":""},"_links":{"self":[{"href":"https:\/\/luisamoron.com\/cursos\/wp-json\/wp\/v2\/pages\/13002"}],"collection":[{"href":"https:\/\/luisamoron.com\/cursos\/wp-json\/wp\/v2\/pages"}],"about":[{"href":"https:\/\/luisamoron.com\/cursos\/wp-json\/wp\/v2\/types\/page"}],"author":[{"embeddable":true,"href":"https:\/\/luisamoron.com\/cursos\/wp-json\/wp\/v2\/users\/28"}],"replies":[{"embeddable":true,"href":"https:\/\/luisamoron.com\/cursos\/wp-json\/wp\/v2\/comments?post=13002"}],"version-history":[{"count":32,"href":"https:\/\/luisamoron.com\/cursos\/wp-json\/wp\/v2\/pages\/13002\/revisions"}],"predecessor-version":[{"id":17739,"href":"https:\/\/luisamoron.com\/cursos\/wp-json\/wp\/v2\/pages\/13002\/revisions\/17739"}],"wp:attachment":[{"href":"https:\/\/luisamoron.com\/cursos\/wp-json\/wp\/v2\/media?parent=13002"}],"curies":[{"name":"wp","href":"https:\/\/api.w.org\/{rel}","templated":true}]}}