{"id":11729,"date":"2017-05-18T15:45:28","date_gmt":"2017-05-18T14:45:28","guid":{"rendered":"https:\/\/luisamoron.com\/cursos\/?post_type=product&#038;p=11729"},"modified":"2025-10-28T15:26:28","modified_gmt":"2025-10-28T15:26:28","slug":"estilismo-y-fotografia-culinaria-ii-sin-valoraciones","status":"publish","type":"product","link":"https:\/\/luisamoron.com\/cursos\/artistico-avanzado\/producto\/estilismo-y-fotografia-culinaria-ii-sin-valoraciones\/","title":{"rendered":"Estilismo y Fotograf\u00eda culinaria (Art\u00edstico-Avanzado)- Sin correcciones, Ni foro"},"content":{"rendered":"<p><span style=\"color: #000000;\"><strong><em>Nuevo\u00a0Producto a la Venta. Acceso Inmediato y Permanente. Ver Funcionamiento m\u00e1s abajo.\u00a0<\/em><\/strong><\/span><\/p>\n<p><em>Estar\u00e1 dirigido a toda persona<strong> apasionada de la Fotograf\u00eda Gastron\u00f3mica y estilismo, tanto para amateurs como para\u00a0fot\u00f3grafos\u00a0que\u00a0quieran iniciarse en\u00a0este mundo.\u00a0<\/strong><\/em><\/p>\n<p><em> Recibir\u00e9is\u00a0una serie de pautas a trav\u00e9s de textos, fotograf\u00edas, ejemplos y por supuesto lo m\u00e1s importante, la pr\u00e1ctica que podr\u00e1s\u00a0realizar a tu\u00a0ritmo, ya que no habr\u00e1\u00a0valoraciones por mi parte, ni\u00a0tendr\u00e1s acceso al foro. <\/em><\/p>\n<p style=\"text-align: left;\"><em><strong>Funcionamiento<\/strong><\/em><br \/>\n<em><strong>Una vez hecho la compra en menos de 24 horas<\/strong>, recibir\u00e1s toda la informaci\u00f3n necesaria y podr\u00e1s acceder al taller.\u00a0<\/em><br \/>\n<i> Tendr\u00e1s acceso\u00a0desde cualquier ordenador, tableta o\u00a0dispositivo\u00a0m\u00f3vil.<\/i><br \/>\n<i> Las lecciones est\u00e1n dividas en semanas junto con ejercicios para que puedas poner en\u00a0pr\u00e1ctica todo lo visto en las lecciones.\u00a0<\/i><\/p>\n<p style=\"text-align: left;\"><em><strong>Qu\u00e9 veremos en el taller\u00a0<\/strong><\/em><br \/>\n<em> Aprender\u00e1s los conceptos b\u00e1sicos y\u00a0t\u00e9cnicos\u00a0de fotograf\u00eda y <strong>avanzaremos m\u00e1s profundamente en conceptos como el estilismo en Fotograf\u00eda Gastron\u00f3mica<\/strong>, <strong>trabajo en equipo, evoluci\u00f3n, tendencias y una novedad: RRSS.\u00a0<\/strong><\/em><\/p>\n<p style=\"text-align: left;\"><em><strong>Atenci\u00f3n:<\/strong><\/em><br \/>\n<em>El e-mail que uses para pagar con paypal ser\u00e1 el que me aparezca registrado,<\/em><br \/>\n<em><strong> Pago:<\/strong><br \/>\nEl pago te dar\u00e1 lugar a obtener una plaza en dicho taller. Una vez realizado este recibir\u00e1s una notificaci\u00f3n de que esta aceptado.<br \/>\n<em> <strong>El importe del taller no ser\u00e1 reembolsado<\/strong>, si no lo tienes claro ponte en contacto conmigo para resolver tus dudas. Si no puedes realizarlo en la fecha que has contratado podr\u00e1s optar una plaza en el siguiente taller avisando antes de ello v\u00eda mail.<\/em><\/em><\/p>\n","protected":false},"excerpt":{"rendered":"<p>Nuevo\u00a0Producto a la Venta. Acceso Inmediato y Permanente. Ver Funcionamiento m\u00e1s abajo.\u00a0 Estar\u00e1 dirigido a toda persona apasionada de la Fotograf\u00eda Gastron\u00f3mica y estilismo, tanto para amateurs como para\u00a0fot\u00f3grafos\u00a0que\u00a0quieran iniciarse en\u00a0este mundo.\u00a0 Recibir\u00e9is\u00a0una serie de pautas a trav\u00e9s de textos, fotograf\u00edas, ejemplos y por supuesto lo m\u00e1s importante, la pr\u00e1ctica que podr\u00e1s\u00a0realizar a tu\u00a0ritmo, ya [&hellip;]<\/p>\n","protected":false},"featured_media":12583,"comment_status":"closed","ping_status":"closed","template":"","meta":{"_bbp_topic_count":0,"_bbp_reply_count":0,"_bbp_total_topic_count":0,"_bbp_total_reply_count":0,"_bbp_voice_count":0,"_bbp_anonymous_reply_count":0,"_bbp_topic_count_hidden":0,"_bbp_reply_count_hidden":0,"_bbp_forum_subforum_count":0,"_et_pb_use_builder":"","_et_pb_old_content":"","_et_gb_content_width":""},"_links":{"self":[{"href":"https:\/\/luisamoron.com\/cursos\/artistico-avanzado\/wp-json\/wp\/v2\/product\/11729"}],"collection":[{"href":"https:\/\/luisamoron.com\/cursos\/artistico-avanzado\/wp-json\/wp\/v2\/product"}],"about":[{"href":"https:\/\/luisamoron.com\/cursos\/artistico-avanzado\/wp-json\/wp\/v2\/types\/product"}],"replies":[{"embeddable":true,"href":"https:\/\/luisamoron.com\/cursos\/artistico-avanzado\/wp-json\/wp\/v2\/comments?post=11729"}],"wp:featuredmedia":[{"embeddable":true,"href":"https:\/\/luisamoron.com\/cursos\/artistico-avanzado\/wp-json\/wp\/v2\/media\/12583"}],"wp:attachment":[{"href":"https:\/\/luisamoron.com\/cursos\/artistico-avanzado\/wp-json\/wp\/v2\/media?parent=11729"}],"curies":[{"name":"wp","href":"https:\/\/api.w.org\/{rel}","templated":true}]}}